4*o - 7. Calculate t(13).
6
Let b(u) = u**2 + 13*u - 3. Calculate b(-17).
65
Let o(k) = k**3 - 7*k**2 - 15*k + 60. Determine o(8).
4
Let i(x) = -x**3 + 8*x**2 - 8. What is i(8)?
-8
Let o(j) = -j**2 - 8*j - 12. Give o(-3).
3
Let g(f) = -f**2 - 7*f + 12. What is g(-10)?
-18
Let g(l) = -4*l + 21. What is g(0)?
21
Let v(r) = 7*r**2 + 5*r - 2. Calculate v(-4).
90
Let i(a) = -34*a - 272. Calculate i(-8).
0
Let p(o) = -o**3 - 23*o**2 - 24*o - 61. Give p(-22).
-17
Let s(w) = 5*w - 78. Determine s(18).
12
Let c(m) = m - 65. Calculate c(0).
-65
Let a(d) = d**2 + 9*d + 37. Determine a(-13).
89
Let n(s) = 2*s**2 + 15*s + 7. What is n(-6)?
-11
Let t(d) = d**2 - 2*d - 8. Determine t(4).
0
Let r(m) = -15*m - 141. Give r(-9).
-6
Let n(d) = 2*d**2 - 23*d + 40. What is n(9)?
-5
Let b(q) = -3*q. What is b(-4)?
12
Let t(g) = -g**2 + 17*g - 4. What is t(17)?
-4
Let w(b) = 8*b - 24. Calculate w(3).
0
Let g(o) = 3*o**2 - 58*o - 19. Give g(19).
-38
Let k(r) = -2*r + 1. Determine k(4).
-7
Let f(w) = -w**2 + 15*w - 2. Give f(15).
-2
Let a(g) = -g**3 - 9*g**2 + 21*g - 14. Determine a(-11).
-3
Let h(a) = -18*a**3 - a - 3. What is h(2)?
-149
Let m(v) = v**2 - 48*v - 192. Give m(52).
16
Let t(a) = -11*a + 14. Calculate t(0).
14
Let a(d) = 46*d - 269. Determine a(6).
7
Let s(i) = 12*i + 7. Give s(-1).
-5
Let k(b) = -b**3 - 22*b**2 - 23*b - 18. Determine k(-21).
24
Let x(i) = -i**3 + 9*i**2 - 8*i + 4. Determine x(8).
4
Let g(k) = 8*k - 56. What is g(5)?
-16
Let z(p) = p**2 - 8*p + 7. What is z(6)?
-5
Let o(n) = 8*n**2 + 8. Give o(-2).
40
Let u(c) = 7*c - 62. What is u(11)?
15
Let m(p) = p**3 + p**2 - 7. Calculate m(0).
-7
Let g(f) = 3*f**2 + 26*f - 4. What is g(-8)?
-20
Let o(l) = -l**2 + 10*l + 49. Give o(13).
10
Let z(o) = o**3 - 10*o**2 + 10*o - 17. What is z(9)?
-8
Let q(c) = 16*c + 101. Determine q(-7).
-11
Let z(f) = f**3 - 31*f**2 - 64*f + 45. Calculate z(33).
111
Let q(a) = a**2 + 2*a - 523. Calculate q(22).
5
Let y(z) = z**2 + 7*z + 3. Give y(-5).
-7
Let y(p) = -p**3 - 11*p**2 - 8*p - 22. Calculate y(-10).
-42
Let c(i) = -i**3 + 12*i**2 + i - 14. Calculate c(12).
-2
Let c(p) = -6*p**2 - 70*p + 10. What is c(-12)?
-14
Let d(f) = -f**3 - 11*f**2 - 12*f - 1. Determine d(-9).
-55
Let i(d) = 5*d + 20. Calculate i(-4).
0
Let c(j) = -j**3 - 11*j**2 - 9*j - 1. Calculate c(-8).
-121
Let m(v) = 15*v + 45. Give m(-6).
-45
Let g(x) = 5*x - 20. Give g(-7).
-55
Let x(w) = -8*w - 9. Determine x(-10).
71
Let h(n) = -n**3 + 16*n**2 - 13*n - 17. Determine h(15).
13
Let t(h) = -h**3 + 167*h - 29. Give t(-13).
-3
Let l(s) = -s**2 - 28*s - 37. Give l(-27).
-10
Let f(k) = -k**2 - 5*k + 66. Give f(-11).
0
Let g(c) = c**3 - 15*c**2 + 9*c - 13. Calculate g(15).
122
Let b(m) = m + 13. Give b(-6).
7
Let f(q) = -q**3 - 9*q**2 - 8*q - 59. Determine f(-9).
13
Let l(f) = f**2 + 10*f + 2. Calculate l(-9).
-7
Let j(n) = -n + 4. Determine j(3).
1
Let d(z) = -z**3 + 15*z**2 + 19*z - 54. What is d(16)?
-6
Let o(q) = q**3 + 3*q**2 - 7*q - 13. What is o(-2)?
5
Let t(a) = a - 1. Give t(-4).
-5
Let g(r) = 11*r**2 + 331*r + 27. What is g(-30)?
-3
Let t(l) = -l**3 + 8*l**2 + 7*l + 6. Give t(9).
-12
Let o(m) = -m + 15. Calculate o(22).
-7
Let s(h) = -h**2 - 12*h - 6. What is s(-9)?
21
Let b(x) = -x**2 + 2*x + 1. Give b(2).
1
Let p(y) = y**3 - 3*y**2 + 3. Determine p(3).
3
Let g(t) = 3*t + 2. What is g(-4)?
-10
Let u(p) = -p**2 + 6*p. Give u(9).
-27
Let w(q) = q**3 + q**2 - 11*q - 16. Calculate w(0).
-16
Let v(a) = 10*a + 64. Give v(-9).
-26
Let u(m) = 2*m**2 - 26*m + 5. Determine u(12).
-19
Let j(n) = -3*n**3 + 13*n**2 + 3*n + 10. What is j(6)?
-152
Let s(i) = i**2 + 5*i - 4. Calculate s(-6).
2
Let o(w) = -3*w**2 + 46*w - 92. Give o(12).
28
Let s(l) = l**3 + 15*l**2 - l - 21. Give s(-15).
-6
Let p(c) = 5*c - 69. Calculate p(18).
21
Let t(d) = -d**3 - 30*d**2 - 57*d - 21. Calculate t(-28).
7
Let l(p) = p**3 + 15*p**2 - 30*p + 55. Determine l(-17).
-13
Let o(t) = 33*t + 23. Calculate o(-2).
-43
Let i(h) = h**3 - 2*h + 14. Calculate i(0).
14
Let z(k) = -k**3 - 5*k**2 + 7*k + 14. Calculate z(-6).
8
Let f(l) = 11*l - 25. Calculate f(5).
30
Let f(r) = -37*r**3 - 3*r**2 + 1. Calculate f(1).
-39
Let t(z) = -z**2 - 4*z - 23. Give t(-7).
-44
Let h(u) = 2*u**3 - 3*u**2 + 3. Determine h(0).
3
Let y(k) = 6*k**3 - k**2 - 2*k. Give y(2).
40
Let u(k) = 11*k**2 + 4*k + 3. What is u(-3)?
90
Let j(b) = b**3 + 4*b**2 - 9*b - 8. What is j(-5)?
12
Let c(i) = i**2 - 13*i + 21. What is c(9)?
-15
Let o(l) = -l**2 + 12*l + 12. Calculate o(13).
-1
Let m(f) = f**3 + 3*f**2 - 5*f - 7. Determine m(-2).
7
Let z(l) = -32*l - 1. What is z(-1)?
31
Let j(u) = -41*u + 7. Give j(-1).
48
Let h(x) = -x**3 + 19*x**2 - 18*x - 2. Give h(18).
-2
Let g(f) = f**3 - 16*f**2 + 26*f + 21. What is g(14)?
-7
Let g(o) = -o**3 + 13*o**2 + 141*o - 9. Determine g(20).
11
Let v(w) = -11*w**2 - 8. Calculate v(2).
-52
Let w(t) = t**3 - 6*t**2 + 7*t - 4. Give w(5).
6
Let a(v) = 12*v - 1. What is a(2)?
23
Let x(g) = g**2 + 7*g + 10. Give x(-3).
-2
Let a(g) = 4*g - 39. Calculate a(11).
5
Let j(x) = x**3 - 7*x**2 - 8*x + 4. Calculate j(8).
4
Let g(n) = -n**3 + 6*n**2 + 3*n + 4. Give g(6).
22
Let z(c) = c**3 + 12*c**2 + c - 9. Calculate z(-11).
101
Let u(c) = c**3 + 5*c**2 - 16*c - 7. Determine u(-7).
7
Let u(q) = -q**2 + 9*q + 14. What is u(10)?
4
Let y(w) = 6*w + 6. Give y(-6).
-30
Let b(l) = -l**2 + 3*l + 76. Determine b(10).
6
Let t(a) = -2*a - 25. What is t(7)?
-39
Let u(j) = -2*j + 27. Determine u(18).
-9
Let d(n) = -4*n**2 - 40*n - 26. What is d(-9)?
10
Let r(x) = x**2 - 16*x + 19. Calculate r(14).
-9
Let x(q) = 97*q + 782. Calculate x(-8).
6
Let c(o) = -16*o + 2. Calculate c(-4).
66
Let s(u) = u**2 - 5*u + 30. Give s(14).
156
Let k(p) = -3*p**2 - 39*p + 101. Calculate k(-15).
11
Let h(g) = 13*g**2 + 9*g + 9. What is h(-3)?
99
Let x(j) = 13*j**2 - 3*j - 3. Calculate x(-1).
13
Let n(h) = 16*h + 8. Give n(5).
88
Let o(u) = -22*u + 86. What is o(5)?
-24
Let b(y) = 5*y - 42. Give b(10).
8
Let q(o) = -o**2 + 14*o - 24. Determine q(13).
-11
Let w(s) = -14*s**3 + s**2 + s. Determine w(-1).
14
Let i(d) = -5*d - 17. Determine i(-2).
-7
Let h(p) = -p + 42. Give h(13).
29
Let n(s) = s - 25. Give n(19).
-6
Let x(l) = 7*l + 6. Calculate x(-2).
-8
Let g(j) = -52*j**2 - 2*j - 2. Give g(-1).
-52
Let s(l) = l**3 - 7*l**2 + 3*l + 4. What is s(7)?
25
Let k(a) = 10*a**2 + 28*a - 3. Calculate k(-3).
3
Let k(l) = -28*l**3 - l**2 + 1. Determine k(1).
-28
Let s(a) = -a + 6. Give s(10).
-4
Let k(t) = 3*t - 52. Give k(10).
-22
Let s(g) = -g + 11. Give s(-6).
17
Let r(y) = 14*y - 44. Determine r(4).
12
Let m(q) = 4*q - 5. Determine m(2).
3
Let w(b) = -b**3 + 10*b**2 - 17*b + 9. Calculate w(7).
37
Let n(x) = x**3 - 32*x**2 + 5. Determine n(32).
5
Let a(d) = d**3 - 2*d**2 + 2*d - 16. Give a(0).
-16
Let j(f) = -f**3 + 5*f**2 + 12*f - 2. Determine j(9).
-218
Let i(m) = -m**2 - 43*m + 145. Give i(-46).
7
Let k(b) = -12*b + 253. What is k(17)?
49
Let j(q) = 2*q + 3. Determine j(-8).
-13
Let w(s) = 2*s**2 - 10*s - 8. Determine w(9).
64
Let w(v) = -v**3 + 37*v**2 + 36*v + 77. What is w(38)?
1
Let t(b) = b**3 + 10*b**2 - 2*b - 15. Calculate t(-10).
5
Let a(s) = -s**2 - 5*s - 1. What is a(-5)?
-1
Let c(a) = 4*a - 8. Give c(4).
8
Let h(x) = 2*x**2 - 52*x + 46. Determine h(25).
-4
Let w(i) = -25*i - 1. Give w(1).
-26
Let x(c) = -2*c + 19. Give x(-14).
47
Let r(s) = s**3 + 4*s**2 + s + 2. Give r(-4).
-2
Let p(z) = -56*z**2 - 6*z - 3. What is p(-1)?
-53
Let y(o) = -10*o - 2. Determine y(-8).
78
Let p(x) = x**2 + 12. Determine p(0).
12
Let p(d) = 2*d**3 - 12*d**2 - d + 2. Determine p(6).
-4
Let g(p) = -p**2 - 14*p + 7. Calculate g(-15).
-8
Let a(m) = m**3 - 3*m**2 - 7*m - 14. What is a(5)?
1
Let d(p) = p**3 - p**2 - p + 25. Calculate d(0).
25
Let v(c) = 15*c - 30. Give v(2).
0
Let w(n) = -14*n**2 + 3*n - 3. Determine w(2).
-53
Let y(x) = -x**3 - 25*x**2 - 23*x - 7. Give y(-24).
-31
Let w(q) = -q**2 + 17*q - 26. Calculate w(16).
-10
Let m(h) = h**2 + 6*h. Calculate m(-7).
7
Let o(r) = -7*r + 65. Give o(7).
16
Let u(r) = 2*r + 5. Determine u(4).
13
Let o(h) = -h**3 - 12*h**2 - 11*h + 10. Give o(-11).
10
Let o(t) = -6*t - 1. What is o(-2)?
11
Let b(g) = g - 3. Determine b(3).
0
Let z(p) = p**3 + 11*p**2 - 13*p - 3. Determine z(-12).
9
Let n(y) = -y**2 + 2*y + 2. Calculate n(6).
-22
Let w(o) = 18*o**3 